{"id":91,"date":"2021-05-02T11:41:26","date_gmt":"2021-05-02T09:41:26","guid":{"rendered":"http:\/\/pikko.fr\/?page_id=91"},"modified":"2021-05-02T14:35:32","modified_gmt":"2021-05-02T12:35:32","slug":"maitrise-doeuvre","status":"publish","type":"page","link":"https:\/\/pikko.fr\/?page_id=91","title":{"rendered":"Ma\u00eetrise d&rsquo;oeuvre"},"content":{"rendered":"\n<p><strong>Nos obligations en tant que ma\u00eetre d&rsquo;oeuvre<\/strong><\/p>\n\n\n\n<p>Nous assurons le suivi de votre chantier et la bonne coordination de vos travaux. Nous mobilisons toutes nos ressources pour garantir la livraison finale de votre projet dans les meilleurs d\u00e9lais tout en nous conformant \u00e0 tous les points de votre cahier de charge. <\/p>\n\n\n\n<figure class=\"wp-block-gallery columns-1 is-cropped\"><ul class=\"blocks-gallery-grid\"><li class=\"blocks-gallery-item\"><figure><img loading=\"lazy\" width=\"640\" height=\"480\" src=\"http:\/\/pikko.fr\/wp-content\/uploads\/2021\/05\/A04-1.jpg\" alt=\"\" data-id=\"118\" data-full-url=\"http:\/\/pikko.fr\/wp-content\/uploads\/2021\/05\/A04-1.jpg\" data-link=\"http:\/\/pikko.fr\/?attachment_id=118\" class=\"wp-image-118\" srcset=\"https:\/\/pikko.fr\/wp-content\/uploads\/2021\/05\/A04-1.jpg 640w, https:\/\/pikko.fr\/wp-content\/uploads\/2021\/05\/A04-1-300x225.jpg 300w\" sizes=\"(max-width: 640px) 100vw, 640px\" \/><\/figure><\/li><\/ul><\/figure>\n\n\n\n<p>Notre r\u00f4le de ma\u00eetre d\u2019\u0153uvre implique plusieurs responsabilit\u00e9s. Nous sommes avant tout votre interm\u00e9diaire privil\u00e9gi\u00e9, ainsi nous s\u00e9lectionnons rigoureusement les ouvriers et artisans qui interviendront sur votre chantier pour garantir la bonne ex\u00e9cution de celui-ci.<\/p>\n\n\n\n<figure class=\"wp-block-gallery columns-1 is-cropped\"><ul class=\"blocks-gallery-grid\"><li class=\"blocks-gallery-item\"><figure><img loading=\"lazy\" width=\"1024\" height=\"1024\" src=\"http:\/\/pikko.fr\/wp-content\/uploads\/2021\/05\/L-08-1024x1024.jpg\" alt=\"\" data-id=\"119\" data-full-url=\"http:\/\/pikko.fr\/wp-content\/uploads\/2021\/05\/L-08.jpg\" data-link=\"http:\/\/pikko.fr\/?attachment_id=119\" class=\"wp-image-119\" srcset=\"https:\/\/pikko.fr\/wp-content\/uploads\/2021\/05\/L-08-1024x1024.jpg 1024w, https:\/\/pikko.fr\/wp-content\/uploads\/2021\/05\/L-08-300x300.jpg 300w, https:\/\/pikko.fr\/wp-content\/uploads\/2021\/05\/L-08-150x150.jpg 150w, https:\/\/pikko.fr\/wp-content\/uploads\/2021\/05\/L-08-768x768.jpg 768w, https:\/\/pikko.fr\/wp-content\/uploads\/2021\/05\/L-08-1536x1536.jpg 1536w, https:\/\/pikko.fr\/wp-content\/uploads\/2021\/05\/L-08-100x100.jpg 100w, https:\/\/pikko.fr\/wp-content\/uploads\/2021\/05\/L-08.jpg 1632w\" sizes=\"(max-width: 1024px) 100vw, 1024px\" \/><\/figure><\/li><\/ul><\/figure>\n\n\n\n<p>Le ma\u00eetre d\u2019\u0153uvre id\u00e9al se d\u00e9marque de ses concurrents par le respect des d\u00e9lais. C&rsquo;est pourquoi chez Concept Int\u00e9rieur, nous veillons \u00e0 ce que chaque intervenant exerce parfaitement ses responsabilit\u00e9s afin d\u2019assurer la fluidit\u00e9 lors de l\u2019ex\u00e9cution des travaux. Notre \u00e9quipe dispose d&rsquo;une solide exp\u00e9rience dans ce domaine, ainsi au fil du temps nous avons \u00e9toff\u00e9  notre carnet de contact pour vous proposer le meilleur pour vos projets.<\/p>\n","protected":false},"excerpt":{"rendered":"<p>Nos obligations en tant que ma\u00eetre d&rsquo;oeuvre Nous assurons le suivi de votre chantier et la bonne coordination de vos travaux. Nous mobilisons toutes nos ressources pour garantir la livraison finale de votre projet dans les meilleurs d\u00e9lais tout en nous conformant \u00e0 tous les points de votre cahier de charge. Notre r\u00f4le de ma\u00eetre [&hellip;]<\/p>\n","protected":false},"author":1,"featured_media":0,"parent":81,"menu_order":1,"comment_status":"closed","ping_status":"closed","template":"","meta":[],"_links":{"self":[{"href":"https:\/\/pikko.fr\/index.php?rest_route=\/wp\/v2\/pages\/91"}],"collection":[{"href":"https:\/\/pikko.fr\/index.php?rest_route=\/wp\/v2\/pages"}],"about":[{"href":"https:\/\/pikko.fr\/index.php?rest_route=\/wp\/v2\/types\/page"}],"author":[{"embeddable":true,"href":"https:\/\/pikko.fr\/index.php?rest_route=\/wp\/v2\/users\/1"}],"replies":[{"embeddable":true,"href":"https:\/\/pikko.fr\/index.php?rest_route=%2Fwp%2Fv2%2Fcomments&post=91"}],"version-history":[{"count":3,"href":"https:\/\/pikko.fr\/index.php?rest_route=\/wp\/v2\/pages\/91\/revisions"}],"predecessor-version":[{"id":133,"href":"https:\/\/pikko.fr\/index.php?rest_route=\/wp\/v2\/pages\/91\/revisions\/133"}],"up":[{"embeddable":true,"href":"https:\/\/pikko.fr\/index.php?rest_route=\/wp\/v2\/pages\/81"}],"wp:attachment":[{"href":"https:\/\/pikko.fr\/index.php?rest_route=%2Fwp%2Fv2%2Fmedia&parent=91"}],"curies":[{"name":"wp","href":"https:\/\/api.w.org\/{rel}","templated":true}]}}