{"id":8,"date":"2021-03-15T18:08:07","date_gmt":"2021-03-15T17:08:07","guid":{"rendered":"http:\/\/pikko.fr\/?page_id=8"},"modified":"2021-05-02T14:27:47","modified_gmt":"2021-05-02T12:27:47","slug":"a-propos-de","status":"publish","type":"page","link":"https:\/\/pikko.fr\/?page_id=8","title":{"rendered":"\u00c0 propos de nous"},"content":{"rendered":"<p>Depuis plus de 20 ans nous mettons notre expertise \u00e0 votre service pour vous accompagner sur tous type de projets. Sp\u00e9cialis\u00e9s dans l&rsquo;architecture d&rsquo;int\u00e9rieur, la d\u00e9coration d&rsquo;int\u00e9rieur et la ma\u00eetrise d&rsquo;oeuvre, <span style=\"font-size: inherit;\">nous sommes autant comp\u00e9tent dans la r\u00e9novation de maisons, d&rsquo;appartements, de commerces, que dans la construction et les extensions d&rsquo;habitations diverses.<\/span><\/p>\n<p><!--more--><\/p>\n\n\n<figure class=\"wp-block-image size-large\"><img loading=\"lazy\" width=\"1024\" height=\"1024\" src=\"http:\/\/pikko.fr\/wp-content\/uploads\/2021\/05\/1-1-1024x1024.png\" alt=\"\" class=\"wp-image-138\" srcset=\"https:\/\/pikko.fr\/wp-content\/uploads\/2021\/05\/1-1-1024x1024.png 1024w, https:\/\/pikko.fr\/wp-content\/uploads\/2021\/05\/1-1-300x300.png 300w, https:\/\/pikko.fr\/wp-content\/uploads\/2021\/05\/1-1-150x150.png 150w, https:\/\/pikko.fr\/wp-content\/uploads\/2021\/05\/1-1-768x768.png 768w, https:\/\/pikko.fr\/wp-content\/uploads\/2021\/05\/1-1-100x100.png 100w, https:\/\/pikko.fr\/wp-content\/uploads\/2021\/05\/1-1.png 1080w\" sizes=\"(max-width: 1024px) 100vw, 1024px\" \/><\/figure>\n\n\n\n<p>Notre \u00e9quipe compos\u00e9e de Jean-Philippe, Ad\u00e8le, Charl\u00e8ne et B\u00e9n\u00e9dicte se tiendra \u00e0 votre \u00e9coute et sera toujours disponible pour permettre \u00e0 vos envies de se concr\u00e9tiser !<\/p>\n","protected":false},"excerpt":{"rendered":"<p>Depuis plus de 20 ans nous mettons notre expertise \u00e0 votre service pour vous accompagner sur tous type de projets. Sp\u00e9cialis\u00e9s dans l&rsquo;architecture d&rsquo;int\u00e9rieur, la d\u00e9coration d&rsquo;int\u00e9rieur et la ma\u00eetrise d&rsquo;oeuvre, nous sommes autant comp\u00e9tent dans la r\u00e9novation de maisons, d&rsquo;appartements, de commerces, que dans la construction et les extensions d&rsquo;habitations diverses.<\/p>\n","protected":false},"author":1,"featured_media":52,"parent":0,"menu_order":0,"comment_status":"closed","ping_status":"closed","template":"","meta":[],"_links":{"self":[{"href":"https:\/\/pikko.fr\/index.php?rest_route=\/wp\/v2\/pages\/8"}],"collection":[{"href":"https:\/\/pikko.fr\/index.php?rest_route=\/wp\/v2\/pages"}],"about":[{"href":"https:\/\/pikko.fr\/index.php?rest_route=\/wp\/v2\/types\/page"}],"author":[{"embeddable":true,"href":"https:\/\/pikko.fr\/index.php?rest_route=\/wp\/v2\/users\/1"}],"replies":[{"embeddable":true,"href":"https:\/\/pikko.fr\/index.php?rest_route=%2Fwp%2Fv2%2Fcomments&post=8"}],"version-history":[{"count":8,"href":"https:\/\/pikko.fr\/index.php?rest_route=\/wp\/v2\/pages\/8\/revisions"}],"predecessor-version":[{"id":262,"href":"https:\/\/pikko.fr\/index.php?rest_route=\/wp\/v2\/pages\/8\/revisions\/262"}],"wp:featuredmedia":[{"embeddable":true,"href":"https:\/\/pikko.fr\/index.php?rest_route=\/wp\/v2\/media\/52"}],"wp:attachment":[{"href":"https:\/\/pikko.fr\/index.php?rest_route=%2Fwp%2Fv2%2Fmedia&parent=8"}],"curies":[{"name":"wp","href":"https:\/\/api.w.org\/{rel}","templated":true}]}}